 of 123 and 15621?
123
What is the greatest common factor of 14085 and 45?
45
What is the highest common divisor of 267 and 6497?
89
What is the highest common divisor of 102 and 1581?
51
What is the highest common factor of 80 and 16?
16
Calculate the greatest common divisor of 1260 and 60.
60
Calculate the highest common factor of 576 and 4716.
36
Calculate the greatest common factor of 357 and 21.
21
What is the highest common divisor of 29 and 464?
29
Calculate the greatest common factor of 935 and 77.
11
What is the highest common divisor of 21 and 357?
21
Calculate the highest common divisor of 1296 and 32724.
324
Calculate the highest common factor of 60 and 14670.
30
What is the highest common divisor of 1023 and 372?
93
Calculate the greatest common divisor of 192 and 1008.
48
What is the highest common divisor of 143 and 130?
13
Calculate the highest common divisor of 59 and 1534.
59
What is the greatest common factor of 1533 and 651?
21
What is the highest common factor of 504 and 147?
21
What is the greatest common factor of 52 and 1521?
13
What is the highest common divisor of 9167 and 206?
103
Calculate the highest common divisor of 64 and 576.
64
What is the highest common divisor of 1 and 1511?
1
What is the highest common factor of 6265 and 35?
35
What is the greatest common divisor of 1060 and 460?
20
Calculate the highest common factor of 680 and 2448.
136
What is the greatest common divisor of 68 and 7072?
68
What is the greatest common factor of 1408 and 12?
4
What is the highest common divisor of 242 and 902?
22
What is the highest common factor of 1781 and 13?
13
Calculate the highest common factor of 63 and 896.
7
What is the highest common factor of 8 and 1148?
4
What is the greatest common factor of 3002 and 2607?
79
Calculate the highest common divisor of 117 and 767.
13
Calculate the highest common divisor of 2 and 2552.
2
What is the highest common factor of 44 and 204?
4
What is the greatest common divisor of 585 and 845?
65
What is the greatest common factor of 7 and 5257?
7
Calculate the greatest common factor of 368 and 138.
46
What is the greatest common factor of 330 and 231?
33
Calculate the greatest common divisor of 62 and 3503.
31
What is the greatest common divisor of 476 and 136?
68
What is the greatest common factor of 33 and 165?
33
Calculate the highest common factor of 2032 and 16.
16
What is the highest common factor of 1 and 103?
1
What is the greatest common divisor of 133 and 266?
133
Calculate the highest common factor of 5106 and 185.
37
Calculate the highest common divisor of 315 and 243.
9
Calculate the highest common factor of 324 and 576.
36
What is the highest common factor of 17 and 153?
17
Calculate the highest common factor of 896 and 28.
28
Calculate the highest common factor of 183 and 23424.
183
Calculate the highest common factor of 30 and 375.
15
Calculate the greatest common factor of 474 and 4029.
237
Calculate the highest common divisor of 115 and 10.
5
What is the greatest common divisor of 4 and 4?
4
Calculate the highest common divisor of 816 and 240.
48
Calculate the greatest common factor of 1904 and 168.
56
What is the highest common divisor of 2262 and 1653?
87
Calculate the greatest common divisor of 9 and 1503.
9
Calculate the highest common divisor of 216 and 23328.
216
Calculate the highest common divisor of 105 and 147.
21
Calculate the highest common divisor of 15790 and 10.
10
Calculate the highest common factor of 357 and 102.
51
Calculate the greatest common divisor of 16 and 1192.
8
What is the highest common divisor of 248 and 1240?
248
Calculate the highest common factor of 3 and 141.
3
What is the greatest common factor of 215 and 20?
5
Calculate the highest common divisor of 21 and 14.
7
What is the greatest common divisor of 88 and 6644?
44
Calculate the highest common divisor of 2881 and 129.
43
Calculate the greatest common factor of 16 and 18096.
16
Calculate the highest common factor of 252 and 189.
63
What is the highest common factor of 24 and 264?
24
Calculate the highest common divisor of 116 and 725.
29
What is the highest common divisor of 32414 and 114?
38
Calculate the highest common divisor of 30 and 7530.
30
What is the greatest common factor of 53 and 1696?
53
Calculate the highest common divisor of 410 and 20.
10
Calculate the greatest common factor of 61 and 305.
61
What is the highest common factor of 228 and 2337?
57
Calculate the highest common divisor of 8029 and 296.
37
Calculate the highest common divisor of 93349 and 277.
277
Calculate the highest common divisor of 189 and 7.
7
Calculate the greatest common divisor of 119 and 51.
17
What is the greatest common divisor of 7391 and 38?
19
Calculate the highest common divisor of 855 and 315.
45
What is the greatest common divisor of 260 and 11102?
26
Calculate the greatest common divisor of 15 and 42045.
15
Calculate the highest common factor of 16 and 5600.
16
What is the greatest common factor of 3326 and 2?
2
What is the highest common divisor of 38 and 532?
38
What is the highest common divisor of 9153 and 18?
9
Calculate the highest common factor of 19 and 1957.
19
What is the greatest common divisor of 172 and 301?
43
What is the highest common divisor of 30 and 735?
15
Calculate the highest common factor of 2 and 38.
2
What is the highest common factor of 12 and 15?
3
Calculate the highest common factor of 198 and 1056.
66
What is the greatest common factor of 387 and 9?
9
What is the greatest common divisor of 4070 and 220?
110
Calculate the greatest common divisor of 25 and 2425.
25
What is the highest common factor of 2478 and 126?
42
What is the greatest common factor of 264 and 216?
24
Calculate the greatest common divisor of 304 and 5700.
76
What is the highest common divisor of 14 and 448?
14
Calculate the greatest common factor of 5673 and 183.
183
Calculate the greatest common factor of 110 and 2365.
55
What is the highest common factor of 6318 and 78?
78
What is the greatest common factor of 48 and 204?
12
What is the highest common factor of 104 and 88400?
104
What is the highest common factor of 12054 and 2058?
294
Calculate the highest common divisor of 384 and 2432.
128
Calculate the greatest common factor of 17 and 153.
17
What is the greatest common factor of 1003 and 68?
17
What is the highest common divisor of 282 and 141?
141
Calculate the greatest common factor of 184 and 460.
92
Calculate the highest common factor of 275 and 11.
11
What is the greatest common divisor of 173 and 4?
1
What is the highest common divisor of 30 and 6?
6
Calculate the greatest common divisor of 82 and 287.
41
What is the highest common factor of 33 and 187?
11
What is the highest common factor of 1 and 2?
1
What is the highest common factor of 160 and 860?
20
What is the highest common factor of 25071 and 1233?
411
Calculate the highest common divisor of 10 and 590.
10
Calculate the greatest common factor of 41112 and 72.
72
What is the greatest common divisor of 325 and 2405?
65
What is the greatest common divisor of 415 and 1577?
83
Calculate the highest common divisor of 24 and 37616.
8
Calculate the greatest common factor of 931 and 3969.
49
Calculate the greatest common factor of 6550 and 75.
25
Calculate the highest common factor of 333 and 42.
3
What is the greatest common divisor of 2232 and 72?
72
What is the highest common divisor of 1110 and 148?
74
Calculate the greatest common factor of 8 and 2168.
8
What is the greatest common factor of 2788 and 1700?
68
Calculate the greatest common factor of 48 and 72.
24
Calculate the greatest common factor of 133 and 35.
7
What is the highest common divisor of 108 and 132?
12
What is the highest common divisor of 793 and 39?
13
Calculate the greatest common factor of 351 and 15.
3
What is the highest common factor of 12 and 996?
12
Calculate the highest common divisor of 996 and 36.
12
What is the highest common factor of 4505 and 34?
17
What is the highest common factor of 56 and 854?
14
Calculate the highest common factor of 10 and 260.
10
Calculate the highest common factor of 85 and 51.
17
Calculate the highest common divisor of 5 and 1630.
5
What is the highest common factor of 286 and 22?
22
What is the greatest common